{"id":451,"date":"2019-11-12T14:36:18","date_gmt":"2019-11-12T14:36:18","guid":{"rendered":"https:\/\/yutongconsulting.com\/?post_type=product&#038;p=451"},"modified":"2022-03-14T17:59:48","modified_gmt":"2022-03-14T17:59:48","slug":"translationverification","status":"publish","type":"product","link":"https:\/\/yutongconsulting.com\/index.php\/product\/translationverification\/","title":{"rendered":"\u4e2d\u56fd\u516c\u8bc1\u4e66\u4e2d\u82f1\u6587\u8bd1\u6587\u7ffb\u8bd1\u8ba4\u8bc1\uff08\u6bcf\u4efd\uff09confirmation of translation_affidavit"},"content":{"rendered":"<p>&nbsp;<\/p>\n<p>[embedyt] https:\/\/www.youtube.com\/watch?v=F9rA9BOVjl8[\/embedyt]<img loading=\"lazy\" decoding=\"async\" class=\"alignleft size-large wp-image-1062\" src=\"https:\/\/yutongconsulting.com\/wp-content\/uploads\/2019\/11\/\u516c\u8bc1\u4e66-916x1024.png\" alt=\"\" width=\"916\" height=\"1024\" srcset=\"https:\/\/yutongconsulting.com\/wp-content\/uploads\/2019\/11\/\u516c\u8bc1\u4e66-916x1024.png 916w, https:\/\/yutongconsulting.com\/wp-content\/uploads\/2019\/11\/\u516c\u8bc1\u4e66-600x671.png 600w, https:\/\/yutongconsulting.com\/wp-content\/uploads\/2019\/11\/\u516c\u8bc1\u4e66-268x300.png 268w, https:\/\/yutongconsulting.com\/wp-content\/uploads\/2019\/11\/\u516c\u8bc1\u4e66-768x858.png 768w, https:\/\/yutongconsulting.com\/wp-content\/uploads\/2019\/11\/\u516c\u8bc1\u4e66.png 936w\" sizes=\"auto, (max-width: 916px) 100vw, 916px\" \/><\/p>\n","protected":false},"excerpt":{"rendered":"<p>\u9002\u7528\u60c5\u51b5\uff1a\u529e\u7406\u9b41\u5317\u514b\u540c\u7b49\u5b66\u529b\u8bc4\u4f30 <em>\u00c9valuation comparative des \u00e9tudes effectu\u00e9es hors du Qu\u00e9bec\u00a0<\/em>(comparative evaluation for studies done outside Qu\u00e9bec)\uff0c\u6216\u9012\u4ea4\u76f8\u5173\u6750\u6599\u5230\u9b41\u5317\u514b\u6cd5\u9662\uff0c\u4f8b\u5982\uff1a\u51fa\u751f\u516c\u8bc1\u4e66\u3001\u5b66\u5386\u516c\u8bc1\u3001\u7ed3\u5a5a\u8bc1\u516c\u8bc1\u7b49\u3002<\/p>\n<p>\u8ba4\u8bc1\u4ef6\u8bed\u8a00\u5bf9\u4e3a\uff1a\u4e2d\u6587-\u82f1\u6587\u3002<\/p>\n<p>\u7531OTTIAQ\u8ba4\u8bc1\u7ffb\u8bd1\u5458\u8ba4\u8bc1\uff0c\u7b7e\u5b57\u5e76\u52a0\u76d6\u516c\u7ae0\uff0c\u9b41\u5317\u514b\u5404\u653f\u5e9c\u5355\u4f4d\u8ba4\u53ef<\/p>\n<p>\u4e0b\u5355\u540e\uff0c\u8bf7\u626b\u63cf\u6216\u62cd\u7167\u60a8\u7684\u6587\u4ef6\u7684\u6240\u6709\u9875\u9762\uff0c\u8bf7\u52a1\u5fc5\u4fdd\u8bc1\u6e05\u6670\u3001\u5b8c\u6574\u3001\u65e0\u53cd\u5149\u3001\u65e0\u906e\u6321\uff0c\u53d1\u9001\u81f3\uff1a<br \/>\n<a href=\"mailto:info@yutongconsulting.com\" target=\"_blank\" rel=\"nofollow noopener noreferrer\">info@yutongconsulting.com<\/a><\/p>\n<p>\u4e3a\u65b9\u4fbf\u60a8\u7684\u7533\u8bf7\u9012\u4ea4\uff0c\u6211\u4eec\u5c06\u5728\u6536\u5230\u60a8\u53d1\u9001\u6587\u4ef6\u7535\u5b50\u7248\u90ae\u4ef6\u540e\u7684<strong>48\u5c0f\u65f6\u5185<\/strong>\u5c06\u8ba4\u8bc1\u8bc1\u660e\u7684\u626b\u63cf\u7248\u53d1\u9001\u5230\u60a8\u7684\u7535\u5b50\u90ae\u7bb1\uff0c\u7eb8\u8d28\u7248\u5c06\u968f\u540e\u901a\u8fc7\u5e73\u4fe1\u90ae\u5bc4\u65b9\u5f0f\u5bc4\u5230\u60a8\u63d0\u4f9b\u7684\u5730\u5740\uff08\u4ec5\u9650\u52a0\u62ff\u5927\u5ba2\u6237\uff09\uff0c\u9001\u4ef6\u65f6\u95f4\u53d6\u51b3\u4e8e\u52a0\u62ff\u5927\u90ae\u653f\uff08Post Canada\uff09\u7684\u6548\u7387\uff0c<strong>\u65e0\u8ddf\u8e2a\u5355\u53f7\uff0c\u8bf7\u52ff\u53cd\u590d\u8be2\u95ee\u6295\u9012\u6216\u5230\u8fbe\u65f6\u95f4<\/strong>\u3002\u52a0\u62ff\u5927\u5883\u5916\u5ba2\u6237\u4ec5\u63d0\u4f9b\u7535\u5b50\u7248\uff08\u53ef\u7528\u4e8e\u7f51\u7edc\u6216\u7eb8\u8d28\u7533\u8bf7\uff09\uff0c\u5982\u9700\u539f\u4ef6\uff0c\u9700\u8981\u5ba2\u6237\u989d\u5916\u8d1f\u62c5\u90ae\u5bc4\u8d39\u7528\u3002<\/p>\n<p>\u5ba2\u6237\u5982\u9700\u8981\u4fee\u6539\u6216\u63d0\u51fa\u610f\u89c1\uff0c\u8bf7\u5728\u62ff\u5230\u7ffb\u8bd1\u7684\u7535\u5b50\u7248\u540e\u4e00\u5468\u5185\u63d0\u51fa\u3002\u4e00\u5468\u4e4b\u540e\u7684\u4fee\u6539\u9700\u8981\u989d\u5916\u4ed8\u8d39\uff08\u540d\u5b57\u3001\u6570\u5b57\u3001\u65e5\u671f\u7b49\u9519\u8bef\u9664\u5916\uff09\u3002<\/p>\n","protected":false},"featured_media":1062,"comment_status":"closed","ping_status":"closed","template":"","meta":{"jetpack_post_was_ever_published":false,"jetpack_publicize_message":"","jetpack_publicize_feature_enabled":true,"jetpack_social_post_already_shared":true,"jetpack_social_options":{"image_generator_settings":{"template":"highway","default_image_id":0,"font":"","enabled":false},"version":2}},"product_brand":[],"product_cat":[36],"product_tag":[66],"class_list":{"0":"post-451","1":"product","2":"type-product","3":"status-publish","4":"has-post-thumbnail","6":"product_cat-36","7":"product_tag-66","9":"first","10":"instock","11":"taxable","12":"shipping-taxable","13":"purchasable","14":"product-type-simple"},"jetpack_publicize_connections":[],"jetpack_sharing_enabled":true,"_links":{"self":[{"href":"https:\/\/yutongconsulting.com\/index.php\/wp-json\/wp\/v2\/product\/451","targetHints":{"allow":["GET"]}}],"collection":[{"href":"https:\/\/yutongconsulting.com\/index.php\/wp-json\/wp\/v2\/product"}],"about":[{"href":"https:\/\/yutongconsulting.com\/index.php\/wp-json\/wp\/v2\/types\/product"}],"replies":[{"embeddable":true,"href":"https:\/\/yutongconsulting.com\/index.php\/wp-json\/wp\/v2\/comments?post=451"}],"wp:featuredmedia":[{"embeddable":true,"href":"https:\/\/yutongconsulting.com\/index.php\/wp-json\/wp\/v2\/media\/1062"}],"wp:attachment":[{"href":"https:\/\/yutongconsulting.com\/index.php\/wp-json\/wp\/v2\/media?parent=451"}],"wp:term":[{"taxonomy":"product_brand","embeddable":true,"href":"https:\/\/yutongconsulting.com\/index.php\/wp-json\/wp\/v2\/product_brand?post=451"},{"taxonomy":"product_cat","embeddable":true,"href":"https:\/\/yutongconsulting.com\/index.php\/wp-json\/wp\/v2\/product_cat?post=451"},{"taxonomy":"product_tag","embeddable":true,"href":"https:\/\/yutongconsulting.com\/index.php\/wp-json\/wp\/v2\/product_tag?post=451"}],"curies":[{"name":"wp","href":"https:\/\/api.w.org\/{rel}","templated":true}]}}